et n(r) = -r - 10. Give n(u).
-10
Let d(u) = -2*u + 2*u**2 - 52 + 36 + 12. Give d(-3).
20
Let h(g) = 2*g**2 + 4*g - 1. Suppose 0*w - w + 44 = 5*n, 24 = 3*n + 3*w. Suppose -n = s + 2*s. Give h(s).
5
Let h(l) be the first derivative of l**3/3 + 23*l**2/2 - 27*l - 27. Let m be h(-24). Let k(v) = -3*v - 3*v**2 - v - 4 + 2*v**2. Calculate k(m).
-1
Let t be 2/6*(21 - 3). Let a = -12 + t. Let m be (-3)/6*a - 3. Let u(c) = c**2 - 6. Calculate u(m).
-6
Suppose -3*a - 8 = -29. Let l(c) = -c**2 + 9*c - 8. Let m be l(a). Let w(z) = -9 + 6*z - 7*z**2 + m*z**2 + z. Calculate w(6).
-3
Suppose -9*d = -5*d - 24. Let r(b) = -3 - 2*b**3 + 3*b**2 + d*b + 2 + b**3 + 0. What is r(4)?
7
Let r(v) = 14*v - 85. Let k(o) = -5*o + 29. Let f(u) = -17*k(u) - 6*r(u). Determine f(-9).
8
Let y(m) be the third derivative of -m**6/60 - m**5/30 - m**4/8 - 2*m**2. Suppose -200 = -2*j - 2*j. Let z = 48 - j. Calculate y(z).
14
Let w(i) = -1 - 10*i + 8 + 7*i + i**2. Let l(d) = -2*d**2 + 5*d - 13. Let j(a) = 6*l(a) + 11*w(a). What is j(-4)?
-5
Suppose -2*v + 104 - 92 = 0. Let l be ((v - 1)/20)/((-2)/(-8)). Let m(i) = -4*i**3 - 2*i**2 + 1. Give m(l).
-5
Suppose 36 = 3*k - 6*l + 2*l, -5*l + 47 = 2*k. Let w = k + -11. Let q(b) = -6*b + b**3 + 11451 - 11453 - 2*b**2 - 2*b**2. Give q(w).
-7
Let j(h) = -h**2 + h - 4. Let c(i) = -18*i - 504. Let y be c(-28). Determine j(y).
-4
Let f be 0/(-3*2/(-3)). Let d(t) = 71 + 2*t - 5*t + 2*t - 65. Calculate d(f).
6
Let h(u) = -2*u**3 + 14*u**2 + 16*u - 1. Let m be h(8). Let w(b) be the first derivative of -8*b**3 - b + 1. Determine w(m).
-25
Let j(a) = -3*a**2 + a. Suppose 25 = 13*r + 103. Let q be 3*r/(-9)*1/(-2). Calculate j(q).
-4
Let y = -36 - -38. Let t(q) = -2 - 4*q - 4 + 5 + y. Give t(2).
-7
Suppose -3 = -2*f + 1. Let b(x) = -x + 1 + 10 + f*x. Suppose -g + 12 = -3*g. What is b(g)?
5
Let a(r) be the first derivative of r**3/3 - 2*r**2 - 4*r - 2. Let q(j) = 11*j + 12 + 6 - 17 + 4 + 6 - 3*j**2. Let m(w) = 11*a(w) + 4*q(w). Calculate m(2).
-4
Let a be 1/6 - 26/12. Let l = 2 + a. Let m(b) = 9*b**3 - b**2 - b + 11. Let x(n) = 29*n**3 - 3*n**2 - 3*n + 34. Let c(u) = 13*m(u) - 4*x(u). Calculate c(l).
7
Let l = 19 - 7. Suppose 0*w + 2*w + l = 0. Let f(n) be the first derivative of n**2 + 2*n - 1. Give f(w).
-10
Suppose 3*i = 8 + 10. Let y(b) = 7*b**2 - 7*b + 1. Let l(k) = -20*k**2 + 20*k - 2. Let h(j) = i*l(j) + 17*y(j). Let f be (-3)/(-3) - (-1 - -2). Give h(f).
5
Let a be (-3 - (1 + -3)) + -2. Let y = a - -3. Suppose y = -0*f + f - 1. Let k(m) = -m + 1. Give k(f).
0
Let h(v) = -v**2 - 3*v + 1. Suppose u - 4 = -u. Suppose -k - 5*p + 11 = 0, -4*k + 21 = u*p - 5*p. Suppose k = -4*z + 7*z. Calculate h(z).
-9
Let r(h) = 5*h + 9. Suppose -3*t - 3*j - 19 - 11 = 0, 2 = -t + 3*j. Determine r(t).
-31
Suppose 10 = 5*i - 0*i. Suppose -7 = -3*q - k + 3, 5*q = -4*k + 12. Let w(y) = -3*y + 16 + 2*y**2 - 4*y**2 + q*y**2 - 14. Determine w(i).
4
Let i(t) = -t + 6. Let h be i(2). Let o(y) = -h + y + 3 + 6 - 1. Suppose -4*m = -4*c, -3*c - m = -5*m. Calculate o(c).
4
Let c(r) = -3 + 6*r - r**2 + 4 + 0. Let d = 172 - 167. What is c(d)?
6
Let a(y) = -3*y**3 - 2*y**2 + 5*y + 4. Suppose -3*l - 5*q = -1, -10*l + 5*q + 5 = -15*l. Give a(l).
52
Let w(m) = -m**2 - 7*m - 6. Let a be w(-7). Let i(u) = 4*u. Let b(n) = -19*n + 1. Let h(z) = -4*b(z) - 20*i(z). Determine h(a).
20
Let d(w) = w**3 + 2*w**2 + 16*w - 7. Let t(m) = 3*m**3 + 3*m**2 + 34*m - 15. Let k(o) = -5*d(o) + 2*t(o). What is k(6)?
5
Let f(k) = 60*k**2 + 12*k - 7. Let z(w) = -169*w**2 - 34*w + 20. Let s(o) = 17*f(o) + 6*z(o). Let r(u) = u**2 + 5*u + 1. Let p be r(-5). Determine s(p).
7
Let p(b) be the third derivative of -b**7/5040 + b**5/60 - 4*b**2. Let g(n) be the third derivative of p(n). Suppose 0*i = -4*i - 20. Calculate g(i).
5
Let a(f) be the third derivative of -1/6*f**4 - 1/120*f**6 + 0 + 0*f + 1/20*f**5 - 7*f**2 + 2/3*f**3. Calculate a(3).
-8
Suppose -216 - 450 = -37*p. Let y(n) = n**3 - 19*n**2 + 20*n - 35. What is y(p)?
1
Let y(t) = t - 3. Let p(a) = -a**2 + 19*a - 14. Let o be p(18). Suppose 3*w + 33 = 5*v, o*w + 1 = 2*v - 1. What is y(v)?
6
Suppose -2*i - 4*b + 9 = b, 2*i + 21 = b. Let q(a) = -5*a**3 + 2*a**2 - 5*a - 28. Let m(c) = -c**3 - c**2 - c - 5. Let j(h) = 6*m(h) - q(h). Determine j(i).
6
Let y(f) be the second derivative of f**6/720 - 17*f**5/120 - 5*f**4/3 + 14*f. Let g(h) be the third derivative of y(h). Determine g(7).
-10
Let t = 4 - 3. Let r(m) = m**2 + 2*m - 1. Let g be r(1). Let s(a) = -a + a + a**g. Calculate s(t).
1
Let s(l) = l**3 - 5*l**2 - 2*l + 4. Let a(v) = -2*v**3 + 4*v**2 + v - 3. Let q(n) = -2*a(n) - 3*s(n). Let o = -7 - -1. Calculate q(o).
6
Let a(v) = 3*v - 5 + v - 7*v + 4*v. Give a(5).
0
Let n(w) = 13*w**3 + 11*w**2 + w + 17. Let a(v) = 2*v**3 + v**2 + v + 1. Let h(q) = -6*a(q) + n(q). Give h(-6).
5
Suppose -5*z + 2*d = -42, 0 = -4*z + 3*z + 5*d + 13. Let f(m) be the third derivative of m**5/60 - 3*m**4/8 + m**3 - 2*m**2 - 26*m. Determine f(z).
-2
Let y(u) be the first derivative of u**4/4 + u**3 + u**2/2 + 2. Let h(m) = m**2 + 19*m + 38. Let w be h(-17). Suppose 0 = -6*l - w*l - 20. Calculate y(l).
2
Let g(t) = t. Suppose -9*v + 6*v = 81. Let w be 2/(-6) + 45/v. Give g(w).
-2
Let g(y) be the second derivative of -10*y - 1/12*y**4 + 0*y**3 + 0 + y**2 + 1/20*y**5. Determine g(0).
2
Let z(d) = -18*d + 56. Let j(b) = 6*b - 18. Let c(o) = -19*j(o) - 6*z(o). Calculate c(-3).
24
Suppose 0*z + 5*m + 25 = -4*z, 3*z - 5*m + 10 = 0. Let k(u) = 2*u - 3. Give k(z).
-13
Let s(m) = -9 - 20 + 30 + 4*m. Determine s(-7).
-27
Let n(v) = 1 + v - 8 - 4 + 6 + 9*v. What is n(1)?
5
Let i(o) = 2*o**2 + 2*o - 2. Let k = 359 - 355. Determine i(k).
38
Suppose 0 = -5*v + 1 + 9. Suppose 3*m - v = -5. Let b(y) = y**3 + 1. Let w(n) = -n**3 - n + 4. Let u(r) = 4*b(r) - w(r). Calculate u(m).
-6
Suppose 3*d - 39 = 93. Suppose -d - 11 = 11*a. Let i(g) = -g**3 - 4*g**2 + 4*g + 3. What is i(a)?
8
Let w(c) = c**2 + 12*c - 9. Suppose -1 = r, 4*m - 4*r + 8*r = -44. Give w(m).
-29
Let i be (1/(-3))/(1/(-9)). Let m(w) = -3*w**2 + 5*w - 3. Let c be (-5)/(2 - (-3 + 4)). Let v(u) = 4*u**2 - 6*u + 3. Let r(q) = c*v(q) - 6*m(q). What is r(i)?
-15
Let s be (-3)/(1 + 5/(-2)). Let m(a) = 1 + a**3 - 3*a**3 + 3*a**s + 3*a + a. Let c = -9052 - -9055. Determine m(c).
-14
Let v(l) = -1826 + 1795 + 2*l - l. What is v(0)?
-31
Let r(m) be the first derivative of -19 - 1/4*m**4 + 7/3*m**3 - 4*m - 3*m**2. Determine r(6).
-4
Let h = 4 - 2. Suppose 7*a = h*a. Let x(p) = 0*p - 6 + p + 1. What is x(a)?
-5
Let y(n) = -n - 1. Let z(g) = -g**2 - 3*g - 37. Let w(r) = 4*y(r) - z(r). Let j(d) be the first derivative of w(d). Determine j(-5).
-11
Let w(z) = -z + 3. Let j be w(9). Let o(k) = -13 - 8 - 9 - 2*k + 23. What is o(j)?
5
Let k(m) = 7*m - 4. Let o(d) = -20*d + 11. Let r(h) = 11*k(h) + 4*o(h). Let l be r(-1). Let j(f) = f**2 - 4*f - 2. Give j(l).
-5
Let x be -2 + (-1 - 1) - -1. Suppose 2*q + 4*d - 18 = 6*d, -3*q + 35 = -5*d. Let g(r) = q + 6 - 2*r**2 + r**2 - 10. What is g(x)?
-8
Let n(v) = v**3 + 12*v**2 - v - 5. Suppose -3*z - 3*a - 5 = 2*a, -3*z + 3*a = -3. Suppose z = p - 5, -4*f + 5*p = 69 + 4. Determine n(f).
7
Suppose 9*i - 4*i - 15 = 0. Suppose 4*q = 9 + i. Suppose -7*x - 18 = -4*x - n, -2*x = q*n + 12. Let l(w) = -w**3 - 5*w**2 + 5*w - 8. Determine l(x).
-2
Suppose 0 = 3*y + y + 52. Let p(f) be the second derivative of -f**5/20 - 13*f**4/12 - 3*f**2 + 2*f. Let d be p(y). Let z(a) = a**2 + 4*a - 7. Determine z(d).
5
Let i(n) = -n + 1. Let j(g) = -6. Let y(v) = 4*i(v) + j(v). Determine y(-2).
6
Let k be 3/(-6)*4*-1. Let y(f) = f**k + 8*f - 3*f + f. Give y(-7).
7
Let v(u) = 18*u - 31. Let p be v(2). Let j(s) = s**3 - 6*s**2 + 3*s - 2. Give j(p).
-12
Suppose 0 = -4*a - 2*a - 42. Let n(y) = -6*y**3 - 4*y**2 - 10*y - 9. Let v(b) = -5*b**3 - 3*b**2 - 9*b - 8. Let z(s) = a*v(s) + 6*n(s). Give z(-2).
-8
Let v(w) = w + 4. Let x(h) = h**2 + 10*h. Let k be x(-13). Let q = -47 + k. Give v(q).
-4
Let m be ((-1)/3)/(17/(-153)). Let g(l) = -2*l**2 - 8*l - 11. Let q(u) = 5*u**2 + 24*u + 33. Let f(h) = m*q(h) + 8*g(h). Calculate f(9).
2
Let k(w) = -w**2 + 7*w + 1. Let i = -1 + -8. Let l(t) = 5*t + 15. Let d(b) = -7*b - 15. Let x(v) = 2*d(v) + 3*l(v). Let s be x(i). What is k(s)?
7
Let u(j) = 2*j**2 - 3*j + 10. Let p be -2*(7 - (21 - 12)). Giv